{"id":114,"date":"2021-04-26T21:08:54","date_gmt":"2021-04-26T19:08:54","guid":{"rendered":"http:\/\/dufgreene.synology.me:8000\/?page_id=114"},"modified":"2021-06-23T14:37:07","modified_gmt":"2021-06-23T12:37:07","slug":"la-boite-a-fromage","status":"publish","type":"page","link":"https:\/\/lebiodelamue.fr\/index.php\/nos-producteurs\/la-boite-a-fromage\/","title":{"rendered":"La Bo\u00eete \u00e0 Fromage"},"content":{"rendered":"\n<p>Xavier Godmet&nbsp;et C\u00e9cile Bligny se sont install\u00e9s il y a 10 ans \u00e0 Orbois o\u00f9 ils ont cr\u00e9e leur exploitation. Ils ont 80 ch\u00e8vres laiti\u00e8res qu&#8217;ils traient 2 fois par jour, puis ils transforment leur lait en diff\u00e9rents types de fromage.<\/p>\n\n\n\n<p>A quelques centaines de m\u00e8tres de chez eux, C\u00e9dric Le Masle et Lucie Le Proult produisaient du lait de vache de mani\u00e8re conventionnelle. Depuis un an, ils ont chang\u00e9 leur mode de production et se sont rapproch\u00e9 du syst\u00e8me &#8220;\u00e0 l&#8217;herbe&#8221; pour nourrir leurs vaches et ainsi avoir un lait de meilleur qualit\u00e9.<\/p>\n\n\n\n<p>C\u00e9cile et Xavier ont commenc\u00e9 a transformer du lait de vache pour faire diff\u00e9rents fromages. Gr\u00e2ce au succ\u00e8s sur les march\u00e9s des fromages de ch\u00e8vre et de vache, ils ont d\u00e9cid\u00e9 de cr\u00e9er avec Lucie et C\u00e9dric une seule ferme, regroupant l&#8217;\u00e9levage bovin et caprin ainsi que la fromagerie: l&#8217;EARL La Bo\u00eete a Fromage.<\/p>\n\n\n\n<p>Depuis mai 2014 ils suivent le cahier des charges Bio et produisent l&#8217;essentiel de l&#8217;alimentation de leurs animaux sur la ferme. Le processus d&#8217;obtention de la certification Bio aboutira fin 2015.<\/p>\n\n\n\n<p>Les produits de la Bo\u00eete \u00e0 Fromage sont vendus par le\u00a0<a href=\"http:\/\/lebiodelamue.fr\/index.php\/nos-producteurs\/lgardin-partageo\/\" data-type=\"page\" data-id=\"64\">G\u00e2rdin Part\u00e2geo<\/a>.<\/p>\n","protected":false},"excerpt":{"rendered":"<p>Xavier Godmet&nbsp;et C\u00e9cile Bligny se sont install\u00e9s il y a 10 ans \u00e0 Orbois o\u00f9 ils ont cr\u00e9e leur exploitation. [&hellip;]<\/p>\n","protected":false},"author":1,"featured_media":0,"parent":56,"menu_order":0,"comment_status":"closed","ping_status":"closed","template":"","meta":[],"_links":{"self":[{"href":"https:\/\/lebiodelamue.fr\/index.php\/wp-json\/wp\/v2\/pages\/114"}],"collection":[{"href":"https:\/\/lebiodelamue.fr\/index.php\/wp-json\/wp\/v2\/pages"}],"about":[{"href":"https:\/\/lebiodelamue.fr\/index.php\/wp-json\/wp\/v2\/types\/page"}],"author":[{"embeddable":true,"href":"https:\/\/lebiodelamue.fr\/index.php\/wp-json\/wp\/v2\/users\/1"}],"replies":[{"embeddable":true,"href":"https:\/\/lebiodelamue.fr\/index.php\/wp-json\/wp\/v2\/comments?post=114"}],"version-history":[{"count":1,"href":"https:\/\/lebiodelamue.fr\/index.php\/wp-json\/wp\/v2\/pages\/114\/revisions"}],"predecessor-version":[{"id":339,"href":"https:\/\/lebiodelamue.fr\/index.php\/wp-json\/wp\/v2\/pages\/114\/revisions\/339"}],"up":[{"embeddable":true,"href":"https:\/\/lebiodelamue.fr\/index.php\/wp-json\/wp\/v2\/pages\/56"}],"wp:attachment":[{"href":"https:\/\/lebiodelamue.fr\/index.php\/wp-json\/wp\/v2\/media?parent=114"}],"curies":[{"name":"wp","href":"https:\/\/api.w.org\/{rel}","templated":true}]}}