{"id":209,"date":"2021-04-29T20:46:24","date_gmt":"2021-04-29T18:46:24","guid":{"rendered":"http:\/\/dufgreene.synology.me:8000\/?page_id=209"},"modified":"2021-06-23T14:47:21","modified_gmt":"2021-06-23T12:47:21","slug":"la-ferme-de-la-vayande","status":"publish","type":"page","link":"https:\/\/lebiodelamue.fr\/index.php\/nos-producteurs\/la-ferme-de-la-vayande\/","title":{"rendered":"La Ferme de la Vayande"},"content":{"rendered":"\n<p>Install\u00e9e sur la commune d&#8217;Amay\u00e9-sur-Orne depuis plus de 60 ans, la Ferme de la Vayande poss\u00e8de aujourd&#8217;hui un \u00e9levage laitier d&#8217;environ 65 vaches de race Prim&#8217;holstein et Jersiaises. L&#8217;exploitation produit \u00e9galement de nombreuses cultures qui lui permettent d&#8217;atteindre une autonomie alimentaire.&nbsp;<\/p>\n\n\n\n<p>En 2017, la ferme familiale a converti l&#8217;ensemble de ses productions \u00e0 l&#8217;Agriculture Biologique, et, sous l&#8217;impulsion de leur fille de retour sur la ferme depuis octobre 2020, la famille&nbsp;d\u00e9veloppe la vente en circuit court de ses l\u00e9gumes secs, huiles et farines directement produits et transform\u00e9s sur l&#8217;exploitation.<\/p>\n\n\n\n<div class=\"wp-block-columns\">\n<div class=\"wp-block-column\">\n<figure class=\"wp-block-image size-large\"><img loading=\"lazy\" width=\"1024\" height=\"683\" src=\"http:\/\/lebiodelamue.fr\/wp-content\/uploads\/2021\/06\/photo-presentation_reduit-1024x683-1.jpg\" alt=\"\" class=\"wp-image-367\" srcset=\"https:\/\/lebiodelamue.fr\/wp-content\/uploads\/2021\/06\/photo-presentation_reduit-1024x683-1.jpg 1024w, https:\/\/lebiodelamue.fr\/wp-content\/uploads\/2021\/06\/photo-presentation_reduit-1024x683-1-300x200.jpg 300w, https:\/\/lebiodelamue.fr\/wp-content\/uploads\/2021\/06\/photo-presentation_reduit-1024x683-1-768x512.jpg 768w\" sizes=\"(max-width: 1024px) 100vw, 1024px\" \/><\/figure>\n<\/div>\n\n\n\n<div class=\"wp-block-column\">\n<figure class=\"wp-block-image size-large\"><img loading=\"lazy\" width=\"1024\" height=\"683\" src=\"http:\/\/lebiodelamue.fr\/wp-content\/uploads\/2021\/06\/3-produits_reduit-1024x683-1.jpg\" alt=\"\" class=\"wp-image-368\" srcset=\"https:\/\/lebiodelamue.fr\/wp-content\/uploads\/2021\/06\/3-produits_reduit-1024x683-1.jpg 1024w, https:\/\/lebiodelamue.fr\/wp-content\/uploads\/2021\/06\/3-produits_reduit-1024x683-1-300x200.jpg 300w, https:\/\/lebiodelamue.fr\/wp-content\/uploads\/2021\/06\/3-produits_reduit-1024x683-1-768x512.jpg 768w\" sizes=\"(max-width: 1024px) 100vw, 1024px\" \/><\/figure>\n<\/div>\n<\/div>\n\n\n\n<div class=\"wp-block-columns\">\n<div class=\"wp-block-column\">\n<figure class=\"wp-block-image size-large\"><img loading=\"lazy\" width=\"1024\" height=\"768\" src=\"http:\/\/lebiodelamue.fr\/wp-content\/uploads\/2021\/06\/colza-1024x768-1.jpg\" alt=\"\" class=\"wp-image-369\" srcset=\"https:\/\/lebiodelamue.fr\/wp-content\/uploads\/2021\/06\/colza-1024x768-1.jpg 1024w, https:\/\/lebiodelamue.fr\/wp-content\/uploads\/2021\/06\/colza-1024x768-1-300x225.jpg 300w, https:\/\/lebiodelamue.fr\/wp-content\/uploads\/2021\/06\/colza-1024x768-1-768x576.jpg 768w\" sizes=\"(max-width: 1024px) 100vw, 1024px\" \/><\/figure>\n<\/div>\n\n\n\n<div class=\"wp-block-column\">\n<figure class=\"wp-block-image size-large\"><img loading=\"lazy\" width=\"1024\" height=\"683\" src=\"http:\/\/lebiodelamue.fr\/wp-content\/uploads\/2021\/06\/sarrasin_reduit-1024x683-1.jpg\" alt=\"\" class=\"wp-image-370\" srcset=\"https:\/\/lebiodelamue.fr\/wp-content\/uploads\/2021\/06\/sarrasin_reduit-1024x683-1.jpg 1024w, https:\/\/lebiodelamue.fr\/wp-content\/uploads\/2021\/06\/sarrasin_reduit-1024x683-1-300x200.jpg 300w, https:\/\/lebiodelamue.fr\/wp-content\/uploads\/2021\/06\/sarrasin_reduit-1024x683-1-768x512.jpg 768w\" sizes=\"(max-width: 1024px) 100vw, 1024px\" \/><\/figure>\n<\/div>\n<\/div>\n","protected":false},"excerpt":{"rendered":"<p>Install\u00e9e sur la commune d&#8217;Amay\u00e9-sur-Orne depuis plus de 60 ans, la Ferme de la Vayande poss\u00e8de aujourd&#8217;hui un \u00e9levage laitier [&hellip;]<\/p>\n","protected":false},"author":1,"featured_media":0,"parent":56,"menu_order":0,"comment_status":"closed","ping_status":"closed","template":"","meta":[],"_links":{"self":[{"href":"https:\/\/lebiodelamue.fr\/index.php\/wp-json\/wp\/v2\/pages\/209"}],"collection":[{"href":"https:\/\/lebiodelamue.fr\/index.php\/wp-json\/wp\/v2\/pages"}],"about":[{"href":"https:\/\/lebiodelamue.fr\/index.php\/wp-json\/wp\/v2\/types\/page"}],"author":[{"embeddable":true,"href":"https:\/\/lebiodelamue.fr\/index.php\/wp-json\/wp\/v2\/users\/1"}],"replies":[{"embeddable":true,"href":"https:\/\/lebiodelamue.fr\/index.php\/wp-json\/wp\/v2\/comments?post=209"}],"version-history":[{"count":1,"href":"https:\/\/lebiodelamue.fr\/index.php\/wp-json\/wp\/v2\/pages\/209\/revisions"}],"predecessor-version":[{"id":371,"href":"https:\/\/lebiodelamue.fr\/index.php\/wp-json\/wp\/v2\/pages\/209\/revisions\/371"}],"up":[{"embeddable":true,"href":"https:\/\/lebiodelamue.fr\/index.php\/wp-json\/wp\/v2\/pages\/56"}],"wp:attachment":[{"href":"https:\/\/lebiodelamue.fr\/index.php\/wp-json\/wp\/v2\/media?parent=209"}],"curies":[{"name":"wp","href":"https:\/\/api.w.org\/{rel}","templated":true}]}}