{"id":51,"date":"2021-04-22T21:54:15","date_gmt":"2021-04-22T19:54:15","guid":{"rendered":"http:\/\/dufgreene.synology.me:8000\/?page_id=51"},"modified":"2021-06-22T23:27:07","modified_gmt":"2021-06-22T21:27:07","slug":"le-collectif-bio-de-la-mue-amap-a-st-manvieu-norrey","status":"publish","type":"page","link":"https:\/\/lebiodelamue.fr\/","title":{"rendered":"Bienvenue au Collectif Bio de la Mue &#8211; Circuit court bio et local \u00e0 St Manvieu-Norrey"},"content":{"rendered":"\n<p>Le Collectif Bio de la Mue est une association loi 1901 inspir\u00e9e du concept de l&#8217;AMAP (Association pour le Maintien d&#8217;une Agriculture Paysanne).<\/p>\n\n\n\n<p>Depuis Juin 2009, nos b\u00e9n\u00e9voles g\u00e8rent l&#8217;achat de produits biologiques \u00e0 des producteurs locaux, qui produisent des produits bio, le plus souvent&nbsp;labellis\u00e9s.<\/p>\n\n\n\n<p>Les commandes des membres sont prises par le Collectif pour le compte des producteurs, et les produits sont livr\u00e9s le Jeudi soir toutes les semaines, \u00e0 la permanence de l&#8217;association.<\/p>\n\n\n\n<p>Le collectif permet ainsi de consommer des l\u00e9gumes&nbsp;de saison, du lait, des \u0153ufs, du miel &#8230; \u00e0 des prix \u00e9quitables. Les membres viennent des communes de <a rel=\"noreferrer noopener\" href=\"https:\/\/thueetmue.fr\/cheux\/\" target=\"_blank\">Cheux<\/a>, <a rel=\"noreferrer noopener\" href=\"http:\/\/www.saintmanvieunorrey.fr\/\" target=\"_blank\">Saint Manvieu Norrey<\/a> (proximit\u00e9 imm\u00e9diate de Carpiquet, \u00e0 l&#8217;ouest de <a rel=\"noreferrer noopener\" href=\"http:\/\/www.caen.fr\/\" target=\"_blank\">Caen<\/a>), et communes alentours.<\/p>\n\n\n\n<p>Les commandes ont lieu d&#8217;un mois sur l&#8217;autre, sans engagement dans la dur\u00e9e et sans commande minimum. Chaque jeudi, les adh\u00e9rents du collectif assurent \u00e0 tour de r\u00f4le l\u2019heure de distribution aux autres membres.<\/p>\n\n\n\n<p>C\u2019est le moment de la d\u00e9couverte des paniers de l\u00e9gumes, puisque nous ne connaissons pas la composition \u00e0 l\u2019avance. Nous avons par exemple des tomates (diff\u00e9rentes vari\u00e9t\u00e9s), salades, pommes de terre, courgettes (vertes et jaunes), concombres, betteraves, haricots (verts, jaunes ou violets) et des l\u00e9gumes moins \u00ab habituels \u00bb comme les f\u00e8ves, blettes, p\u00e2tisson, chou rave ou fenouil.<\/p>\n\n\n\n<p><strong>De nombreux\u00a0produits issus de la fili\u00e8re normande sont propos\u00e9s :<\/strong> <a href=\"https:\/\/lebiodelamue.fr\/index.php\/nos-producteurs\/\" data-type=\"page\" data-id=\"56\">voir nos producteurs<\/a>.<\/p>\n\n\n\n<p>Si vous souhaitez rejoindre notre association, ou si vous \u00eates simplement int\u00e9ress\u00e9 par la d\u00e9marche, vous pouvez nous \u00e9crire: <a href=\"mailto:contact@lebiodelamue.fr\">contact@lebiodelamue.fr<\/a><\/p>\n","protected":false},"excerpt":{"rendered":"<p>Le Collectif Bio de la Mue est une association loi 1901 inspir\u00e9e du concept de l&#8217;AMAP (Association pour le Maintien [&hellip;]<\/p>\n","protected":false},"author":1,"featured_media":0,"parent":0,"menu_order":0,"comment_status":"closed","ping_status":"closed","template":"","meta":[],"_links":{"self":[{"href":"https:\/\/lebiodelamue.fr\/index.php\/wp-json\/wp\/v2\/pages\/51"}],"collection":[{"href":"https:\/\/lebiodelamue.fr\/index.php\/wp-json\/wp\/v2\/pages"}],"about":[{"href":"https:\/\/lebiodelamue.fr\/index.php\/wp-json\/wp\/v2\/types\/page"}],"author":[{"embeddable":true,"href":"https:\/\/lebiodelamue.fr\/index.php\/wp-json\/wp\/v2\/users\/1"}],"replies":[{"embeddable":true,"href":"https:\/\/lebiodelamue.fr\/index.php\/wp-json\/wp\/v2\/comments?post=51"}],"version-history":[{"count":1,"href":"https:\/\/lebiodelamue.fr\/index.php\/wp-json\/wp\/v2\/pages\/51\/revisions"}],"predecessor-version":[{"id":312,"href":"https:\/\/lebiodelamue.fr\/index.php\/wp-json\/wp\/v2\/pages\/51\/revisions\/312"}],"wp:attachment":[{"href":"https:\/\/lebiodelamue.fr\/index.php\/wp-json\/wp\/v2\/media?parent=51"}],"curies":[{"name":"wp","href":"https:\/\/api.w.org\/{rel}","templated":true}]}}

Bienvenue au Collectif Bio de la Mue &#8211; Circuit court bio et local à St Manvieu-Norrey

<p>Le Collectif Bio de la Mue est une association loi 1901 inspirée du concept de l&#8217;AMAP (Association pour le Maintien d&#8217;une Agriculture Paysanne).</p>



<p>Depuis Juin 2009, nos bénévoles gèrent l&#8217;achat de produits biologiques à des producteurs locaux, qui produisent des produits bio, le plus souvent&nbsp;labellisés.</p>



<p>Les commandes des membres sont prises par le Collectif pour le compte des producteurs, et les produits sont livrés le Jeudi soir toutes les semaines, à la permanence de l&#8217;association.</p>



<p>Le collectif permet ainsi de consommer des légumes&nbsp;de saison, du lait, des œufs, du miel &#8230; à des prix équitables. Les membres viennent des communes de <a rel="noreferrer noopener" href="https://thueetmue.fr/cheux/" target="_blank">Cheux</a>, <a rel="noreferrer noopener" href="http://www.saintmanvieunorrey.fr/" target="_blank">Saint Manvieu Norrey</a> (proximité immédiate de Carpiquet, à l&#8217;ouest de <a rel="noreferrer noopener" href="http://www.caen.fr/" target="_blank">Caen</a>), et communes alentours.</p>



<p>Les commandes ont lieu d&#8217;un mois sur l&#8217;autre, sans engagement dans la durée et sans commande minimum. Chaque jeudi, les adhérents du collectif assurent à tour de rôle l’heure de distribution aux autres membres.</p>



<p>C’est le moment de la découverte des paniers de légumes, puisque nous ne connaissons pas la composition à l’avance. Nous avons par exemple des tomates (différentes variétés), salades, pommes de terre, courgettes (vertes et jaunes), concombres, betteraves, haricots (verts, jaunes ou violets) et des légumes moins « habituels » comme les fèves, blettes, pâtisson, chou rave ou fenouil.</p>



<p><strong>De nombreux produits issus de la filière normande sont proposés :</strong> <a href="https://lebiodelamue.fr/index.php/nos-producteurs/" data-type="page" data-id="56">voir nos producteurs</a>.</p>



<p>Si vous souhaitez rejoindre notre association, ou si vous êtes simplement intéressé par la démarche, vous pouvez nous écrire: <a href="mailto:contact@lebiodelamue.fr">contact@lebiodelamue.fr</a></p>

<p>Le Collectif Bio de la Mue est une association loi 1901 inspirée du concept de l&#8217;AMAP (Association pour le Maintien [&hellip;]</p>
