{"id":60,"date":"2021-04-22T22:06:50","date_gmt":"2021-04-22T20:06:50","guid":{"rendered":"http:\/\/dufgreene.synology.me:8000\/?page_id=60"},"modified":"2024-10-15T20:24:26","modified_gmt":"2024-10-15T18:24:26","slug":"membres","status":"publish","type":"page","link":"https:\/\/lebiodelamue.fr\/index.php\/membres\/","title":{"rendered":"Contact \/ Devenir Membre"},"content":{"rendered":"\n<div class=\"wp-block-group\"><div class=\"wp-block-group__inner-container\">\n<p>Pour devenir membre de l&#8217;association &#8220;Le Collectif Bio de la Mue&#8221;, deux engagements sont demand\u00e9s, afin de devenir un consom&#8217;acteur :<\/p>\n<\/div><\/div>\n\n\n\n<ul><li>S&#8217;acquitter de la cotisation annuelle de membre : le montant de la cotisation s&#8217;\u00e9l\u00e8ve \u00e0 8\u20ac pour l&#8217;ann\u00e9e en cours, r\u00e9visable chaque ann\u00e9e au cours de l&#8217;AG de l&#8217;association.<\/li><li>Assurer les tours de permanence \u00e0 la fr\u00e9quence d\u00e9termin\u00e9e par le collectif d&#8217;animation<\/li><\/ul>\n\n\n\n<p>Les cotisations collect\u00e9es sont utilis\u00e9es pour payer certains frais de fonctionnement de l&#8217;association (assurance, h\u00e9bergement site&nbsp;web, frais divers), elle est obligatoire pour tous les membres. Tous nos membres sont b\u00e9n\u00e9voles.<\/p>\n\n\n\n<p>Vous pouvez vous aussi contribuer \u00e0 l&#8217;association par votre temps et votre \u00e9nergie : n&#8217;h\u00e9sitez pas \u00e0 vous porter volontaires pour faire l&#8217;interm\u00e9diaire avec les producteurs (devenir r\u00e9f\u00e9rent), ainsi que proposer vos id\u00e9es et votre \u00e9nergie \u00e0 notre groupe !<\/p>\n\n\n\n<p>Vous \u00eates producteur des environs, vous voulez vous joindre \u00e0 nous ? Tous les produits qui ne sont pas encore propos\u00e9s au Collectif bio de la Mue sont potentiellement les bienvenus, donc n&#8217;h\u00e9sitez pas \u00e0 nous contacter si vous \u00eatre un producteur local et que votre d\u00e9marche correspond \u00e0 celle de notre collectif.<\/p>\n\n\n\n<p>Vous pouvez contacter un des membres du collectif d&#8217;animation par email&nbsp;:&nbsp;<a href=\"mailto:contact@lebiodelamue.fr\">contact@lebiodelamue.fr<\/a><\/p>\n\n\n\n<div class=\"wp-block-group\"><div class=\"wp-block-group__inner-container\">\n<div class=\"wp-block-group\"><div class=\"wp-block-group__inner-container\">\n<ul><li>Carole Greene<\/li><li>Philippe Nirrengarten<\/li><li>Isabelle Riaux<\/li><li>M\u00e9lanie Soufflet<\/li><\/ul>\n<\/div><\/div>\n<\/div><\/div>\n\n\n\n<p>Vous pouvez aussi venir nous rencontrer lors de nos distributions hebdomadaires le jeudi soir de 18h \u00e0 19h. Il y aura toujours quelqu&#8217;un pour vous renseigner !<\/p>\n\n\n\n<p>Pour devenir membre du Collectif bio de la Mue, vous devrez accepter les Conditions g\u00e9n\u00e9rales d&#8217;adh\u00e9sion \u00e0 notre association. Ces documents peuvent \u00eatre consult\u00e9s&nbsp;<strong><a href=\"http:\/\/lebiodelamue.fr\/index.php\/reglement-interieur-du-collectif-bio-de-la-mue\/\">ici<\/a><\/strong>.<\/p>\n\n\n\n<p>Une fois que vous \u00eates membre de l&#8217;association, vous pouvez commander vos produits <a href=\"https:\/\/contrats.amapj.fr\/b\/collectif-bio-de-la-mue\">ici<\/a>, gr\u00e2ce au mode d&#8217;emploi <a href=\"http:\/\/lebiodelamue.fr\/wp-content\/uploads\/2021\/06\/notice_explicative-AMAPJ_adherents.pdf\">l\u00e0<\/a><\/p>\n\n\n\n<p><\/p>\n","protected":false},"excerpt":{"rendered":"<p>S&#8217;acquitter de la cotisation annuelle de membre : le montant de la cotisation s&#8217;\u00e9l\u00e8ve \u00e0 8\u20ac pour l&#8217;ann\u00e9e en cours, [&hellip;]<\/p>\n","protected":false},"author":1,"featured_media":0,"parent":0,"menu_order":0,"comment_status":"closed","ping_status":"closed","template":"","meta":[],"_links":{"self":[{"href":"https:\/\/lebiodelamue.fr\/index.php\/wp-json\/wp\/v2\/pages\/60"}],"collection":[{"href":"https:\/\/lebiodelamue.fr\/index.php\/wp-json\/wp\/v2\/pages"}],"about":[{"href":"https:\/\/lebiodelamue.fr\/index.php\/wp-json\/wp\/v2\/types\/page"}],"author":[{"embeddable":true,"href":"https:\/\/lebiodelamue.fr\/index.php\/wp-json\/wp\/v2\/users\/1"}],"replies":[{"embeddable":true,"href":"https:\/\/lebiodelamue.fr\/index.php\/wp-json\/wp\/v2\/comments?post=60"}],"version-history":[{"count":3,"href":"https:\/\/lebiodelamue.fr\/index.php\/wp-json\/wp\/v2\/pages\/60\/revisions"}],"predecessor-version":[{"id":465,"href":"https:\/\/lebiodelamue.fr\/index.php\/wp-json\/wp\/v2\/pages\/60\/revisions\/465"}],"wp:attachment":[{"href":"https:\/\/lebiodelamue.fr\/index.php\/wp-json\/wp\/v2\/media?parent=60"}],"curies":[{"name":"wp","href":"https:\/\/api.w.org\/{rel}","templated":true}]}}